{"id":136,"date":"2013-09-30T21:15:31","date_gmt":"2013-09-30T19:15:31","guid":{"rendered":"http:\/\/www.kolbermoor-aikikai.de\/?page_id=136"},"modified":"2024-01-31T10:31:53","modified_gmt":"2024-01-31T09:31:53","slug":"training","status":"publish","type":"page","link":"https:\/\/www.kolbermoor-aikikai.de\/?page_id=136","title":{"rendered":"Training"},"content":{"rendered":"<h1 style=\"text-align: center;\"><em>&#8220;Fortschritt kommt zu denen, die trainieren und trainieren&#8221; &#8211; Ueshiba Morihei (1883-1969)<\/em><\/h1>\n<p><strong>Zeiten:<\/strong><\/p>\n<p><span style=\"text-decoration: underline;\">Dienstag (Kinder) \u00a0 \u00a0 \u00a0 \u00a01830 &#8211; 1945<\/span> \u00a0 \u00a0 \u00a0 <span style=\"font-size: revert;\">\u00a0 SV-DJK Turneralm<\/span><\/p>\n<p><span style=\"text-decoration: underline;\">Dienstag \u00a0 \u00a0 \u00a0 \u00a0 \u00a0 \u00a0 \u00a0 \u00a0 \u00a0 \u00a0 \u00a0 \u00a0 \u00a0 2000 &#8211; 2200 <\/span><span style=\"font-size: revert;\">\u00a0 \u00a0 \u00a0 SV-DJK Turneralm<\/span><\/p>\n<p><span style=\"text-decoration: underline;\">Donnerstag \u00a0 \u00a0 \u00a0 \u00a0 \u00a0 \u00a0 \u00a0 \u00a0 \u00a0 \u00a0 2000 &#8211; 2200\u00a0<\/span>\u00a0 \u00a0 \u00a0 \u00a0Feuerwehr Turnhalle<\/p>\n<p><span style=\"text-decoration: underline;\">Sonntag \u00a0 \u00a0 \u00a0 \u00a0 \u00a0 \u00a0 \u00a0 \u00a0 \u00a0 \u00a0 \u00a0 \u00a0 \u00a0 \u00a0 1000 &#8211; 1200<\/span>\u00a0 \u00a0 \u00a0 \u00a0 \u00a0SV-DJK Turneralm (Spiegelsaal) &#8211; \u00a0Waffen<\/p>\n<p><a href=\"http:\/\/www.kolbermoor-aikikai.de\/wp-content\/uploads\/2013\/09\/map1.jpg\"><img loading=\"lazy\" decoding=\"async\" class=\"alignnone size-full wp-image-743\" src=\"http:\/\/www.kolbermoor-aikikai.de\/wp-content\/uploads\/2013\/09\/map1.jpg\" alt=\"map\" width=\"1115\" height=\"551\" srcset=\"https:\/\/www.kolbermoor-aikikai.de\/wp-content\/uploads\/2013\/09\/map1.jpg 1115w, https:\/\/www.kolbermoor-aikikai.de\/wp-content\/uploads\/2013\/09\/map1-300x148.jpg 300w, https:\/\/www.kolbermoor-aikikai.de\/wp-content\/uploads\/2013\/09\/map1-1024x506.jpg 1024w\" sizes=\"auto, (max-width: 767px) 89vw, (max-width: 1000px) 54vw, (max-width: 1071px) 543px, 580px\" \/><\/a><\/p>\n<p><strong>Kosten (j\u00e4hrlich):<\/strong><\/p>\n<table border=\"1\" width=\"100%\" cellspacing=\"0\" cellpadding=\"4\">\n<colgroup>\n<col width=\"70*\" \/>\n<col width=\"63*\" \/>\n<col width=\"49*\" \/>\n<col width=\"74*\" \/><\/colgroup>\n<tbody>\n<tr valign=\"TOP\">\n<td width=\"27%\"><\/td>\n<td style=\"text-align: center;\" width=\"25%\">SV-DJK Grundbeitrag<\/td>\n<td width=\"19%\">Abteilungsbeitrag<\/td>\n<td width=\"29%\">\n<p align=\"CENTER\"><strong>J\u00e4hrlicher Gesamtbeitrag<\/strong><\/p>\n<\/td>\n<\/tr>\n<tr valign=\"TOP\">\n<td width=\"27%\">Erwachsene (22-60 Jahre)<\/td>\n<td width=\"25%\">\n<p align=\"CENTER\">\u20ac70<\/p>\n<\/td>\n<td width=\"19%\">\n<p align=\"CENTER\">\u20ac60<\/p>\n<\/td>\n<td width=\"29%\">\n<p align=\"CENTER\"><strong>\u20ac130<\/strong><b><br \/>\n<\/b><\/p>\n<\/td>\n<\/tr>\n<tr valign=\"TOP\">\n<td width=\"27%\">Jugend (bis 21 Jahre)<\/td>\n<td width=\"25%\">\n<p align=\"CENTER\">\u20ac60<\/p>\n<\/td>\n<td width=\"19%\">\n<p align=\"CENTER\">\u20ac30<\/p>\n<\/td>\n<td width=\"29%\">\n<p align=\"CENTER\"><strong>\u20ac90<\/strong><\/p>\n<\/td>\n<\/tr>\n<tr valign=\"TOP\">\n<td width=\"27%\">Senioren (ab 61 Jahren)<\/td>\n<td width=\"25%\">\n<p align=\"CENTER\">\u20ac55<\/p>\n<\/td>\n<td width=\"19%\">\n<p align=\"CENTER\">\u20ac30<\/p>\n<\/td>\n<td width=\"29%\">\n<p align=\"CENTER\"><strong>\u20ac85<\/strong><b><br \/>\n<\/b><\/p>\n<\/td>\n<\/tr>\n<tr valign=\"TOP\">\n<td width=\"27%\">Familie<\/td>\n<td width=\"25%\">\n<p align=\"CENTER\">\u20ac140<\/p>\n<\/td>\n<td width=\"19%\">\n<p align=\"CENTER\">\u20ac90<\/p>\n<\/td>\n<td width=\"29%\">\n<p align=\"CENTER\"><strong>\u20ac230<\/strong><\/p>\n<\/td>\n<\/tr>\n<\/tbody>\n<\/table>\n<h2><strong>Besucher und Schnuppertraining: FREI<\/strong><\/h2>\n<p style=\"text-align: center;\" align=\"CENTER\"><img loading=\"lazy\" decoding=\"async\" class=\"alignnone size-full wp-image-120\" src=\"http:\/\/www.kolbermoor-aikikai.de\/wp-content\/uploads\/2013\/09\/DSC_0081.jpg\" alt=\"DSC_0081\" width=\"1236\" height=\"400\" srcset=\"https:\/\/www.kolbermoor-aikikai.de\/wp-content\/uploads\/2013\/09\/DSC_0081.jpg 1236w, https:\/\/www.kolbermoor-aikikai.de\/wp-content\/uploads\/2013\/09\/DSC_0081-300x97.jpg 300w, https:\/\/www.kolbermoor-aikikai.de\/wp-content\/uploads\/2013\/09\/DSC_0081-1024x331.jpg 1024w\" sizes=\"auto, (max-width: 767px) 89vw, (max-width: 1000px) 54vw, (max-width: 1071px) 543px, 580px\" \/><\/p>\n<p style=\"text-align: left;\" align=\"CENTER\"><strong>F\u00fcr Anf\u00e4nger:<\/strong><\/p>\n<h1><i>&#8220;Es ist besser, ein wenig zu \u00fcben als viel zu reden&#8221; &#8211; Muso Kokushi (1275-1351)<\/i><\/h1>\n<p>Das Beste ist, einfach zum Training zu kommen, mitzumachen und Spa\u00df zu haben.<\/p>\n<p>F\u00fcr den Anfang brauchst du nicht unbedingt einen Gi. Ein lang\u00e4rmliges T-Shirt oder Sweatshirt, Trainingshose und ein paar leichte Sandalen (f\u00fcr den Weg von Umkleide zur Matte) gen\u00fcgen. Einen Gi kaufst du dir, wenn du regelm\u00e4\u00dfig zum Training kommst.<\/p>\n<p>Aikido lernt man sowohl von seinem Trainingspartner als auch seinem Lehrer. Um Fortschritte zu machen ist es daher besser, so bald und viel wie m\u00f6glich mit erfahrenen Aikidoka zu trainieren, als nur mit anderen Anf\u00e4ngern. Versuche, wann immer m\u00f6glich, mit einem Dan-Tr\u00e4ger zu trainieren. Scheu dich nicht &#8211; sie werden dir gerne helfen!<\/p>\n<p>Wie andere Kampfkunst- und Kampfsportarten birgt auch Aikido die Gefahr von Verletzungen. Daher ist es wichtig, da\u00df die Trainingspartner kooperativ, verantwortungsvoll und kontrolliert miteinander umgehen. Auf diese Weise k\u00f6nnen auch potentiell schmerzhafte oder schwierige Techniken sicher erlernt werden und Verletzungen kommen selten vor.<\/p>\n<p><a href=\"http:\/\/www.kolbermoor-aikikai.de\/wp-content\/uploads\/2016\/04\/cropped-kaitenage.jpeg\"><img loading=\"lazy\" decoding=\"async\" class=\"alignnone size-large wp-image-1039\" src=\"http:\/\/www.kolbermoor-aikikai.de\/wp-content\/uploads\/2016\/04\/cropped-kaitenage-1024x691.jpeg\" alt=\"\" width=\"1024\" height=\"691\" srcset=\"https:\/\/www.kolbermoor-aikikai.de\/wp-content\/uploads\/2016\/04\/cropped-kaitenage-1024x691.jpeg 1024w, https:\/\/www.kolbermoor-aikikai.de\/wp-content\/uploads\/2016\/04\/cropped-kaitenage-300x202.jpeg 300w, https:\/\/www.kolbermoor-aikikai.de\/wp-content\/uploads\/2016\/04\/cropped-kaitenage.jpeg 1140w\" sizes=\"auto, (max-width: 767px) 89vw, (max-width: 1000px) 54vw, (max-width: 1071px) 543px, 580px\" \/><\/a><\/p>\n<div>\n<h1 style=\"text-align: center;\">Regeln von Morihei Ueshiba &#8211; Begr\u00fcnder des Aikido<\/h1>\n<\/div>\n<ul>\n<li>Aikido entscheidet \u00fcber Leben und Tod in einem Schlag, die Sch\u00fcler m\u00fcssen also sorgf\u00e4ltig die Anweisungen des Lehrers befolgen und nicht miteinander konkurrieren, um zu sehen, wer der St\u00e4rkste ist.<\/li>\n<li>Aikido ist der Weg, der lehrt, wie man mit mehreren Gegnern fertig wird. Die Sch\u00fcler m\u00fcssen trainieren, wachsam zu sei, nicht nur nach vorne, sondern auch nach allen Seiten und nach hinten.<\/li>\n<li>Das Training sollte immer in einer angenehmen und freundlichen Atmosph\u00e4re durchgef\u00fchrt werden.<\/li>\n<li>Der Lehrer lehrt nur einen kleinen Aspekt der Technik. Ihre vielseitigen Anwendungen m\u00fcssen von jedem Sch\u00fcler durch st\u00e4ndige Praxis und Ausbildung entdeckt zu werden.<\/li>\n<li>In der t\u00e4glichen Praxis, beginne zun\u00e4chst mit der Bewegung des K\u00f6rpers und baue dann zu intensiverer Praxis auf. Versuche niemals mit Gewalt etwas Unnat\u00fcrliches oder Unzumutbares durchzuf\u00fchren. Wenn diese Regel befolgt wird, verletzen sich auch \u00e4ltere Menschen nicht und erlaubt ihnen, in einer angenehmen und freundlichen Atmosph\u00e4re trainieren.<\/li>\n<li>Der Zweck des Aikido ist, K\u00f6rper und Geist zu trainieren und aufrichtige, ernsthafte Menschen zu entwickeln. Weil alle Techniken von Person-zu-Person \u00fcbermittelt werden, solltest du sie nicht willk\u00fcrlich anderen zeigen, da sie dann von Rowdys benutzt werden k\u00f6nnten.<\/li>\n<\/ul>\n<p>Wie in all Kampfk\u00fcnsten, ist Respekt gegen\u00fcber anderen und sich selbst die erste Voraussetzung. Nur mit Respekt ist es uns m\u00f6glich, potenziell gef\u00e4hrliche und schmerzhafte Techniken mit anderen Menschen in einer kooperativen , nicht-destruktive Weise \u00fcben zu k\u00f6nnen.Hier findest Du praktische Tipps, mit denen Du in jedem Dojo (Trainingshalle), auch in sehr formellen, traditionsbewussten, geb\u00fchrenden Respekt zeigst:<\/p>\n<ul>\n<li>Der Gi (Trainingsanzug) sollte immer sauber sein und pers\u00f6nliche Hygiene vorbildlich. N\u00e4gel sollten kurz geschnitten, lange Haare zur\u00fcckgebunden und Schmuck entfernt sein &#8211; sowohl f\u00fcr die eigene Sicherheit, als auch die des Partners.<\/li>\n<li>Auf dem Weg von der Umkleide zum Dojo sollten Sandalen oder Zori (traditionelle japanische, offene Sandalen) getragen werden.<\/li>\n<li>Beim Betreten des Dojo wird eine Verbeugung in Richtung des Kamiza (Schrein, in der Regel ein Bild des Gr\u00fcnders) vollf\u00fchrt. Zum Betreten der Matte werden die Zori abgestreift und eine kniende Verbeugung (rei) wieder zum Kamiza durchgef\u00fchrt.<\/li>\n<li>Solltest Du zu sp\u00e4t kommen und das Training hat bereits begonnen, warte, bis der Lehre Dich auf die Matte bittet.<\/li>\n<li>Das Training beginnt mit allen Sch\u00fclern in einer Linie in Seiza gegen\u00fcber dem Lehrer sitzend (formelle Dojos sitzen in Rangfolge). Der Sensei (Lehrer) dreht sich um und macht seine Verbeugung vor dem Kamiza, zusammen mit den Sch\u00fclern. Er dreht sich dann wieder zu den Sch\u00fclern um, verbeugt sich mit ihnen und sie bitten ihn bei der Verbeugung &#8220;onegai shimasu&#8221;, das hei\u00dft &#8220;Ich bitte um Unterweisung&#8221;.<\/li>\n<li>W\u00e4hrend der Lehrer eine Technik vorf\u00fchrt, bleiben alle Sch\u00fcler in Seiza sitzen. Diese Haltung sollte auf der Matte immer eingenommen werden, wenn Du nicht aktiv bist. Wenn dies schmerzhaft wird, ist Schneidersitz erlaubt, au\u00dfer in sehr formellen Dojos. Beim Aufstehen von Seiza mit dem rechten Knie zuerst aufstehen.<\/li>\n<li>Um das Training zu beginnen, w\u00e4hle einen Partner mit einer Verbeugung. Es ist h\u00f6flich &#8220;onegai shimasu&#8221; zu wiederholen. Sch\u00fcler mit niederem Rang bitten einen Sch\u00fcler h\u00f6heren Ranges, dessen Pflicht es ist, zu helfen.<\/li>\n<li>W\u00e4hrend des Trainings sollte die Matte nicht verlassen werden. Wenn Du krank oder verletzt bist, informiere den Lehrer, bevor Du die Matte verl\u00e4sst.<\/li>\n<li>Wenn der Lehrer Dir individuell etwas zeigt, setze Dich wieder in Seiza und verbeuge Dich, wenn der Lehrer fertig ist. Dies gilt auch bei gr\u00f6\u00dferen Kursen: wenn der Lehrer in der N\u00e4he demonstiert, kannst Du dich in Seiza setzen und zusehen, wenn Du m\u00f6chtest.<\/li>\n<li><strong>Versuche NIEMALS deinen Partner zu zwingen oder zu \u00fcberwinden. Es ist Deine Pflicht, ihn zu sch\u00fctzen.<\/strong><\/li>\n<li>Respektiere h\u00f6here Grade. Du erkennst Sie vom 2. Kyu daran, da\u00df sie Hakama tragen, vom 1.Dan zus\u00e4tzlich am schwarzen G\u00fcrtel.<\/li>\n<li>Wenn der Lehrer das Training stoppt (oft mit dem Ruf &#8220;Yamae&#8221; und \/ oder Klatschen) verbeuge dich zu deinem Partner und setze dich wieder mit den anderen in einer Reihe in Seiza.<\/li>\n<li>Das Training endet in der gleichen Art und Weise wie es begann, mit der Ausnahme , dass die Worte &#8220;domo arigato gozaimashita&#8221; verwendet wird, was &#8220;Ich danke Ihnen sehr&#8221; bedeutet. Warte, bis der Lehrer die Sch\u00fcler entl\u00e4sst und verbeuge dich noch einmal kniend zu deinem letzten Partner. Bevor Du die Matte verl\u00e4sst, verbeugst du dich noch einmal vor dem Kamiza vom Rand der Matte. Zieh dort deine Zori wieder an und mache eine weitere Verbeugung beim Verlassen des Dojos.<br \/>\nEssen, Trinken, Rauchen oder Faulenzen sind im Dojo nicht erlaubt.<\/li>\n<\/ul>\n<p><img loading=\"lazy\" decoding=\"async\" class=\"alignnone size-full wp-image-134\" src=\"http:\/\/www.kolbermoor-aikikai.de\/wp-content\/uploads\/2013\/09\/RHS_2210.JPG.jpg\" alt=\"RHS_2210.JPG\" width=\"750\" height=\"924\" srcset=\"https:\/\/www.kolbermoor-aikikai.de\/wp-content\/uploads\/2013\/09\/RHS_2210.JPG.jpg 750w, https:\/\/www.kolbermoor-aikikai.de\/wp-content\/uploads\/2013\/09\/RHS_2210.JPG-243x300.jpg 243w\" sizes=\"auto, (max-width: 706px) 89vw, (max-width: 767px) 82vw, 740px\" \/><\/p>\n","protected":false},"excerpt":{"rendered":"<p>&#8220;Fortschritt kommt zu denen, die trainieren und trainieren&#8221; &#8211; Ueshiba Morihei (1883-1969) Zeiten: Dienstag (Kinder) \u00a0 \u00a0 \u00a0 \u00a01830 &#8211; 1945 \u00a0 \u00a0 \u00a0 \u00a0 SV-DJK Turneralm Dienstag \u00a0 \u00a0 \u00a0 \u00a0 \u00a0 \u00a0 \u00a0 \u00a0 \u00a0 \u00a0 \u00a0 \u00a0 \u00a0 2000 &#8211; 2200 \u00a0 \u00a0 \u00a0 SV-DJK Turneralm Donnerstag \u00a0 \u00a0 \u00a0 \u00a0 \u00a0 &hellip; <\/p>\n<p class=\"link-more\"><a href=\"https:\/\/www.kolbermoor-aikikai.de\/?page_id=136\" class=\"more-link\">Continue reading<span class=\"screen-reader-text\"> &#8220;Training&#8221;<\/span><\/a><\/p>\n","protected":false},"author":1,"featured_media":0,"parent":0,"menu_order":0,"comment_status":"closed","ping_status":"closed","template":"","meta":{"footnotes":""},"class_list":["post-136","page","type-page","status-publish","hentry"],"_links":{"self":[{"href":"https:\/\/www.kolbermoor-aikikai.de\/index.php?rest_route=\/wp\/v2\/pages\/136","targetHints":{"allow":["GET"]}}],"collection":[{"href":"https:\/\/www.kolbermoor-aikikai.de\/index.php?rest_route=\/wp\/v2\/pages"}],"about":[{"href":"https:\/\/www.kolbermoor-aikikai.de\/index.php?rest_route=\/wp\/v2\/types\/page"}],"author":[{"embeddable":true,"href":"https:\/\/www.kolbermoor-aikikai.de\/index.php?rest_route=\/wp\/v2\/users\/1"}],"replies":[{"embeddable":true,"href":"https:\/\/www.kolbermoor-aikikai.de\/index.php?rest_route=%2Fwp%2Fv2%2Fcomments&post=136"}],"version-history":[{"count":114,"href":"https:\/\/www.kolbermoor-aikikai.de\/index.php?rest_route=\/wp\/v2\/pages\/136\/revisions"}],"predecessor-version":[{"id":2672,"href":"https:\/\/www.kolbermoor-aikikai.de\/index.php?rest_route=\/wp\/v2\/pages\/136\/revisions\/2672"}],"wp:attachment":[{"href":"https:\/\/www.kolbermoor-aikikai.de\/index.php?rest_route=%2Fwp%2Fv2%2Fmedia&parent=136"}],"curies":[{"name":"wp","href":"https:\/\/api.w.org\/{rel}","templated":true}]}}