{"id":550,"date":"2015-06-27T10:21:07","date_gmt":"2015-06-27T08:21:07","guid":{"rendered":"http:\/\/www.kolbermoor-aikikai.de\/?page_id=550"},"modified":"2024-02-10T21:23:47","modified_gmt":"2024-02-10T20:23:47","slug":"aikido-foderation-deutschland","status":"publish","type":"page","link":"https:\/\/www.kolbermoor-aikikai.de\/?page_id=550","title":{"rendered":"F\u00f6deration"},"content":{"rendered":"<p><a title=\"Die Aikido F\u00f6deration Deutschland\" href=\"http:\/\/www.aikido-foederation.de\/\" target=\"_blank\" rel=\"noopener noreferrer\"><img loading=\"lazy\" decoding=\"async\" class=\"alignnone size-full wp-image-564\" src=\"http:\/\/www.kolbermoor-aikikai.de\/wp-content\/uploads\/2015\/06\/AFD.jpg\" alt=\"AFD\" width=\"879\" height=\"200\" srcset=\"https:\/\/www.kolbermoor-aikikai.de\/wp-content\/uploads\/2015\/06\/AFD.jpg 879w, https:\/\/www.kolbermoor-aikikai.de\/wp-content\/uploads\/2015\/06\/AFD-300x68.jpg 300w\" sizes=\"auto, (max-width: 767px) 89vw, (max-width: 1000px) 54vw, (max-width: 1071px) 543px, 580px\" \/><\/a><\/p>\n<p>Die F\u00f6deration versteht sich als ein Verband, der f\u00fcr verschiedene Richtungen des Aikido in Deutschland offen ist.<\/p>\n<p>Zur Zeit sind zwei Linien in der Aikido F\u00f6deration vertreten: die Gruppe der Sch\u00fcler\/innen von Seishiro Endo, 8. Dan Aikikai Tokyo, und die von Christian Tissier, 8. Dan Aikikai Tokyo. Beide Shihan (jap.: Gro\u00dfmeister) repr\u00e4sentieren die Verbindung des Verbandes zum Aikido Hombu Dojo in Japan, der Schule des Begr\u00fcnders Morihei Ueshiba.<\/p>\n<p>Unsere Ziele sind:<\/p>\n<ul type=\"disc\">\n<li>Zusammenarbeit mit nationalen und internationalen Verb\u00e4nden auf breiter Basis<\/li>\n<li>F\u00f6rderung und Gr\u00fcndung von\u00a0<a title=\"Aikido-Schulen in Deutschland\" href=\"http:\/\/www.aikido-foederation.de\/wp\/aikido-schulen\/\" target=\"_blank\" rel=\"noopener noreferrer\">Aikido Dojos<\/a><\/li>\n<li>Entwicklung einer Didaktik des Aikido<\/li>\n<li>Aus- und Weiterbildung der Aikido-Lehrer<\/li>\n<li>Ausrichtung von international anerkannten\u00a0<a title=\"Aikido Graduierungen\" href=\"http:\/\/www.aikido-foederation.de\/wp\/graduierungen\/\" target=\"_blank\" rel=\"noopener noreferrer\">Pr\u00fcfungen f\u00fcr den 1., 2., 3.\u00a0und 4. Dan-Grad<\/a><\/li>\n<li>Ausrichtung von\u00a0<a title=\"\u00dcbersicht Aikido Seminare\" href=\"http:\/\/www.aikido-foederation.de\/events\/\" target=\"_blank\" rel=\"noopener noreferrer\">nationalen und internationalen Lehrg\u00e4ngen<\/a>\u00a0mit unseren Shihan<\/li>\n<\/ul>\n<h2><strong><a href=\"http:\/\/www.kolbermoor-aikikai.de\/wp-content\/uploads\/2017\/09\/AFD-Pruefungsordnung-052014.pdf\">Pr\u00fcfungsordnung<\/a><\/strong><\/h2>\n<div class=\"page\" title=\"Page 1\">\n<div class=\"section\">\n<div class=\"layoutArea\">\n<div class=\"column\">\n<h2><a href=\"http:\/\/www.kolbermoor-aikikai.de\/wp-content\/uploads\/2017\/09\/AFD-PruefungsprogrammTabelle.pdf\"><strong>Ky\u016btechnikentabelle<\/strong><\/a><\/h2>\n<\/div>\n<\/div>\n<\/div>\n<\/div>\n","protected":false},"excerpt":{"rendered":"<p>Die F\u00f6deration versteht sich als ein Verband, der f\u00fcr verschiedene Richtungen des Aikido in Deutschland offen ist. Zur Zeit sind zwei Linien in der Aikido F\u00f6deration vertreten: die Gruppe der Sch\u00fcler\/innen von Seishiro Endo, 8. Dan Aikikai Tokyo, und die von Christian Tissier, 8. Dan Aikikai Tokyo. Beide Shihan (jap.: Gro\u00dfmeister) repr\u00e4sentieren die Verbindung des &hellip; <\/p>\n<p class=\"link-more\"><a href=\"https:\/\/www.kolbermoor-aikikai.de\/?page_id=550\" class=\"more-link\">Continue reading<span class=\"screen-reader-text\"> &#8220;F\u00f6deration&#8221;<\/span><\/a><\/p>\n","protected":false},"author":1,"featured_media":0,"parent":0,"menu_order":0,"comment_status":"closed","ping_status":"closed","template":"","meta":{"footnotes":""},"class_list":["post-550","page","type-page","status-publish","hentry"],"_links":{"self":[{"href":"https:\/\/www.kolbermoor-aikikai.de\/index.php?rest_route=\/wp\/v2\/pages\/550","targetHints":{"allow":["GET"]}}],"collection":[{"href":"https:\/\/www.kolbermoor-aikikai.de\/index.php?rest_route=\/wp\/v2\/pages"}],"about":[{"href":"https:\/\/www.kolbermoor-aikikai.de\/index.php?rest_route=\/wp\/v2\/types\/page"}],"author":[{"embeddable":true,"href":"https:\/\/www.kolbermoor-aikikai.de\/index.php?rest_route=\/wp\/v2\/users\/1"}],"replies":[{"embeddable":true,"href":"https:\/\/www.kolbermoor-aikikai.de\/index.php?rest_route=%2Fwp%2Fv2%2Fcomments&post=550"}],"version-history":[{"count":23,"href":"https:\/\/www.kolbermoor-aikikai.de\/index.php?rest_route=\/wp\/v2\/pages\/550\/revisions"}],"predecessor-version":[{"id":2692,"href":"https:\/\/www.kolbermoor-aikikai.de\/index.php?rest_route=\/wp\/v2\/pages\/550\/revisions\/2692"}],"wp:attachment":[{"href":"https:\/\/www.kolbermoor-aikikai.de\/index.php?rest_route=%2Fwp%2Fv2%2Fmedia&parent=550"}],"curies":[{"name":"wp","href":"https:\/\/api.w.org\/{rel}","templated":true}]}}